s the units digit of i?
5
Let f be (16/(-6))/(-1) + 30/(-45). Let h(j) = 42*j**3 - 2*j**2 + 2*j - 2. What is the tens digit of h(f)?
3
Suppose 0 = 16*f - 629 - 75. Let r = 19 + f. Let w = -29 + r. What is the units digit of w?
4
Let o be (1336/10)/(16/40). Let k be o/(-2) + (-1 - (1 - 0)). Let d = k - -239. What is the tens digit of d?
7
Let t(m) = -m**3 + 3*m**2 - 7*m + 11. Let p be t(3). Let w = p - -13. Suppose -a - 244 = -w*a. What is the hundreds digit of a?
1
Suppose 314857 - 31601 = 14*r - 46752. What is the thousands digit of r?
3
Let t(g) be the third derivative of g**4/8 + 5*g**3/6 + 5*g**2. Let f be t(-2). What is the units digit of (f + -3)*1/(-2)?
2
Let y(t) = 76*t**3 + 23*t**2 - 59*t + 71. What is the hundreds digit of y(9)?
8
Let k(q) = -8*q**2 - 171*q + 136. Let a(r) = -2*r**2 - 43*r + 34. Let g(l) = -9*a(l) + 2*k(l). Let j be g(-23). Let w = 42 - j. What is the units digit of w?
3
Suppose 0 = -15*j + 206 + 154. What is the units digit of -3 + j/(-32) + (-2470)/(-8)?
5
Suppose 0 = 3*j + 2*p - 33984, -33*j - p + 22654 = -31*j. What is the thousands digit of j?
1
Suppose 8*r - 9*r + 9 = 0. Let x be r/(-18) + 17/2. Suppose -x*t + 10*t - 280 = 0. What is the units digit of t?
0
Let g be (-10 - -12)/((-2)/(-79)). Suppose n = -3*l + 217, 0 = l - 3*n - g + 20. What is the units digit of l?
1
Suppose 0 = -4*q - 4, -87 = 8*c - 10*c - 3*q. What is the tens digit of 19925/c + 10/45?
4
Suppose -13*a = 3784 - 9998. Let o = a - 320. What is the tens digit of o?
5
Let f = 6436 + 1649. What is the units digit of f?
5
Suppose -26370 = -167*m + 158*m. Let b = -1340 + m. What is the tens digit of b?
9
Let l(q) = -931*q + 1104. What is the thousands digit of l(-6)?
6
Let r(n) = 2*n - 9. Let a = 14 - 8. What is the units digit of r(a)?
3
Let q = -149 - -282. Let d = q + 14. Let x = d + -68. What is the units digit of x?
9
What is the thousands digit of (6/(-42))/((-17)/200753)?
1
Let b be -12*9*(-3)/(-18). Let v be b/(-2)*(-9)/(-27) - -602. Suppose g + 4*g = 4*i - v, -2*i + 285 = g. What is the tens digit of i?
4
Suppose 3*c - 21080 = -2*s, 23*s - 28109 = -4*c + 18*s. What is the units digit of c?
6
Suppose 3*m - 28 = 4*r, 4*r + 8 + 8 = 0. Suppose 9*i - 6*i = 4*b - 2279, 0 = m*b - i - 2269. What is the tens digit of b?
6
Let j(w) = -18*w - 24. Let p be j(-2). What is the hundreds digit of (-24325)/(-30) - (-2)/p?
8
Let p be 1/(-1 + 9/6). Suppose 0 = -p*d - 0*d + 4*f, 0 = -3*d - 4*f + 10. What is the units digit of (-5)/10 + (d - (-18)/4)?
6
Suppose -4*w = -2*d - 6, 5*w + 2*d - 6 = 6. Suppose 446 = w*b + 48. What is the units digit of ((-21)/6 + 3)*2 + b?
8
Suppose -c - 4*d = -24, d + 2 = -c + 11. Let i(a) = -40*a + 43. Let n(k) = -13*k + 14. Let h(y) = -4*i(y) + 11*n(y). What is the units digit of h(c)?
0
Suppose -13*n + 17*n - 7172 = -2*t, 0 = -4*t - 2*n + 14308. What is the thousands digit of t?
3
Let g(d) = -3*d + 30. Let m be g(11). What is the hundreds digit of (-170)/7*49/21*m?
1
Let j(c) = 117 - 147 + 30*c - 55*c - 82*c. What is the units digit of j(-6)?
2
Suppose 8*h + h - 117 = 0. Suppose h*z = 41*z - 6552. What is the tens digit of z?
3
Let b = -23271 + 63263. What is the hundreds digit of b?
9
Let v(l) = l - 1. Let a be v(3). Suppose -5*w + 4*u = -113, a*u + 22 = 4*w - 66. Suppose z - 5*q + 4 - w = 0, -4*q = -4*z + 68. What is the tens digit of z?
1
Suppose -27*f + 68566 + 69134 = 0. What is the thousands digit of f?
5
Let h = -1862 + 3169. Suppose -h - 1613 = -2*i. What is the tens digit of i?
6
Let f(m) = 9*m - 269. Let z(s) = 2*s - 54. Let w(y) = 2*f(y) - 11*z(y). Let g(b) = -13*b - 39. Let u be g(-3). What is the tens digit of w(u)?
5
Let d = 32 - 40. Let j(c) = 3*c**2 + 9*c - 19. Let x be j(d). Let y = 194 - x. What is the tens digit of y?
9
Let v(q) be the first derivative of -239*q**2/2 + 12*q - 138. What is the tens digit of v(-2)?
9
Let f = 19 - 16. Let a be 4/8*f*38. What is the tens digit of (4/(-12))/((-1)/a)?
1
Let i = 109 - 105. Let z(r) = r**3 - 6*r**2 + 10*r - 1. What is the units digit of z(i)?
7
Let f = 661 - 237. Let c = f + -42. What is the hundreds digit of c?
3
Suppose -28*y = -25*y + 738. Let f = 489 + y. Let h = f + -123. What is the tens digit of h?
2
Let u = 35421 + -9660. What is the thousands digit of u?
5
Suppose 0 = 102*w - 165*w + 1289988. What is the ten thousands digit of w?
2
Let i = -12 - -27. Let w(g) = 19 - 3*g + 6*g + 14. What is the units digit of w(i)?
8
Suppose 5*l - 7746 = -0*s + 3*s, -3*l + 2*s + 4648 = 0. Suppose 3*d - 406 = 2*d + 4*c, -4*d - 3*c = -l. What is the hundreds digit of d?
3
Let r be ((-6 - -1) + -2)*1. Suppose -144 = -5*q - 2*j + 50, 4*j = -4*q + 160. What is the tens digit of r/14*q/(-2)*2?
1
Let r = 19 - -12. Suppose -5*s + r = 4*l, -4*l + 5 = s - 2*l. What is the units digit of 112/s - (6 + -2)?
2
What is the tens digit of (-42*54/1512)/((-1)/1364 + 0)?
4
Let y be (-48)/9 - (-12)/9. Let a be -119 + 3 + 2*6/y. Let p = a + 191. What is the units digit of p?
2
Let y = -13 - -23. Suppose 0 = y*w - 6*w. What is the units digit of (3 - (w + (-2 - -2))) + 25?
8
Let s = 33613 - 12767. What is the hundreds digit of s?
8
Let x(m) = 262*m**2 + 399*m + 8. What is the tens digit of x(-5)?
6
Suppose -348 - 349 = -4*k - m, -4*k = -4*m - 672. Suppose 665 = k*b - 166*b. What is the units digit of b?
5
Suppose -5*w + 3*h + 139956 = 0, 2*w + 22*h - 19*h = 55974. What is the units digit of w?
0
Let b = -23683 + 58869. What is the thousands digit of b?
5
What is the hundreds digit of (-241689)/(-595)*(2 - -3)?
0
Suppose 42*h - 12 = 36*h. Suppose -18*p = -h*p - 7088. What is the hundreds digit of p?
4
Let c(x) = 2*x**2 - 24*x - 833. What is the hundreds digit of c(-39)?
1
Let r be 4/(-4)*374/12*-6. Suppose 0 = 5*n - s + 417, 3*n = 3*s - 0 - 255. Let d = n + r. What is the tens digit of d?
0
Let t be (155 - -3) + -4 + 1. Let y = 255 - t. What is the tens digit of y?
0
Suppose 0 = 3*g + 6767 - 2084. Let d = g + 2689. What is the thousands digit of d?
1
Suppose 3*l - 2*p - 22627 = 2502, l = 4*p + 8393. What is the tens digit of l?
7
Let c = -191 - -195. What is the tens digit of 2/c*(1 + 368 + 3)?
8
Let o(h) be the second derivative of h**4/2 - h**3/3 + h**2 - 64*h. Suppose 2 = -6*f + 8. What is the units digit of o(f)?
6
Suppose 0 = 789*z - 780*z. Let p(s) = s**3 - 8*s**2 + 2*s - 3. Let j be p(9). Suppose j = 4*a - z. What is the units digit of a?
4
Let w be -19*(-3)/(-1) + -2 + 3. What is the hundreds digit of 7/w*4*-1418?
7
Let t be (-1)/(-2)*0 + (116 - 105). Suppose 307 = t*p - 45. What is the tens digit of p?
3
Let s be 1*((-24)/(-42) - (-2176)/14). Suppose 16*l - 13*l - s = 0. Let k = l - -17. What is the units digit of k?
9
Let s be (-6474)/(-52)*(4/6 + 0). Let z(y) = -y**2 + 5*y - 2. Let j be z(5). What is the tens digit of 4 + j + -1 + s?
8
Suppose 2*s + 4*c = s + 18799, -3*s + 7*c = -56492. What is the units digit of s?
9
Suppose 0 = -36*t + 35*t - 2*v + 16808, -3*v - 33630 = -2*t. What is the tens digit of t?
1
Let j be 33/7 - (6/7)/(-3). Suppose 2 = -0*k - k, -j*k + 43 = -r. Let v = r - -88. What is the tens digit of v?
3
Suppose -11*a = 5*r - 15*a - 1335, -5*r + 2*a = -1325. Suppose 2*z - 865 = 3*q, -r = 4*z - 3*q - 2002. What is the tens digit of z?
3
Suppose 5*a + 36818 = -3*d + 182305, -4*a + d + 116393 = 0. What is the units digit of a?
8
Suppose -1556 = -2*z - 2*r, 5*z + 85*r - 3890 = 82*r. What is the tens digit of z?
7
Let m be 209/(10/15*6/8). Let t = -31 - -33. Suppose 3*h - t*x = m, x = 4*h - 4*x - 569. What is the tens digit of h?
3
Let x be ((-2)/6)/((-3)/162). What is the units digit of 31 - (x - 16 - (-1 - -1))?
9
Suppose -3*g = -2*l + 13646, 117*l + 4*g = 121*l - 27304. What is the tens digit of l?
3
Let r be (-3)/5*5 + (-853 - 2). Let b = r - -1355. What is the hundreds digit of b?
4
Suppose 0 = 4*j + 5*w - 13391, -1469 = 2*j - 2*w - 8169. What is the thousands digit of j?
3
Suppose 45609 + 28093 = 37*h - 51062. What is the hundreds digit of h?
3
Suppose -14688 - 21432 = -12*g. Suppose 5*d + 9*d = g. What is the units digit of d?
5
Suppose -b = 2*b + n - 12, 0 = 3*b + 3*n - 6. Suppose -t + b = -91. Let o = t - 14. What is the units digit of o?
2
Let h(l) = -3*l + 10. Let f be h(2). Suppose -3*v = 3*k - 810, -k - 537 = -2*v - f*k. What is the hundreds digit of v?
2
Let o